51
-11 - (-69 - -149 - 86)
-5
What is -112 + 138 + 4 + -17?
13
What is -121 + 43 + 136 - 102?
-44
What is the value of -382 + 378 + 87 + 1?
84
5 + 11 + 52 + -140 + 15
-57
Calculate (18 - (2 + 0) - 0) + 32106 + -32159.
-37
556 + -604 + (-27 - 0)
-75
What is -92 + 5 - (1049 - 1140)?
4
Calculate -3 - (-72 - -90 - (1 - -4) - 32).
16
What is 4 - 77 - (-41 + (44 - 26))?
-50
Evaluate -40 + (10 + (11 - 11) - 17) - -9.
-38
-33 - (-74 + 56) - -51
36
What is -142 + 24 + (-8 - -34 - 36)?
-128
Evaluate 7 - 51 - ((-22 - -17) + 2 + -10).
-31
Evaluate -36 + (-7 + 1 - (4 - (3 + -4))).
-47
What is the value of -52 - (-10 - -17) - -111?
52
Calculate 201 - (111 + 19) - -23.
94
7 + (-78 + 35 + 37 + 1 + -2 - 22)
-22
9 + 0 + (-14 - 1) + 34
28
What is 2914 + -2862 + (-47 - 1)?
4
What is (-264 + 272 - (-23 + -1)) + 0 + 11?
43
What is the value of 34 - (-448 + 455 + 3 + -3 + 3 + -1)?
25
What is the value of 110 + -165 - (6 + -33)?
-28
What is 1 - -15 - (12 - (-95 + 14 + 9))?
-68
(14 - 10) + 13 + 0 + -6
11
What is 142 - (52 + -5) - 40?
55
What is -28 - -54 - (-4 + -9 + 4)?
35
What is (-2 - (27 - 69)) + -79 - (2 + 0 + 5)?
-46
What is the value of 4 - (-363 + 356 + -2 + (5 - 78))?
86
Evaluate -86 + 112 - (144 - 68).
-50
2 + 3 + -21 - (-18 + -7)
9
Evaluate (-94 - -158) + 65 + -120.
9
Evaluate -1 + -66 - (14008 + -14000).
-75
(3190 - 3127) + -2 + 26
87
What is the value of (17 + 11 - 23) + (22 - -3)?
30
0 - (-26 - 1 - ((19 - 36) + 39 + -21))
28
Calculate 0 + 5 + (-1 - 57 - ((-7 - 7) + 6)).
-45
Evaluate 55 - 0 - (-301 - -353).
3
Evaluate 78 - 119 - (-24 - -1).
-18
Calculate 4 + 0 - (-3 + 24 + -27 - -34).
-24
What is the value of (-128 - -110) + 38 - -57?
77
((50 - 28) + -15 - (1 - -10)) + 5
1
What is the value of -4621 + 4623 - (-2 + 53)?
-49
What is the value of -12 + (-1 - ((-161 - -162 - (-13 - -2)) + 2))?
-27
Calculate 12 + -17 + 1 + -21 - -10.
-15
What is the value of -8 + -7 + -17 - -37?
5
(3 - (-5 - -9)) + 80 + -25
54
Evaluate (-18 + (3 - -8) - -13) + 8 + -4 + 5.
15
Calculate 1 + (58 - (10 - -2 - (-3 - -10 - 10))).
44
What is -14 + (-31 - -111) + 21 - 17?
70
What is -29 - (12 + 2 + -38 + -23)?
18
41 - (52 + -20 + 4)
5
Evaluate 60 + 28 + -2 + -109.
-23
What is the value of 13 - (38 + -43 + (9 - 1)) - (21 - 52)?
41
What is -62 - (-1 + (1 - ((-10 - (-9 - -3)) + -6)))?
-72
Evaluate 45 + -142 + 143 + -129.
-83
What is -28 + ((36 - 21) + -12 - 19)?
-44
(41 - 19) + (-141 - (6 - -2 - 4))
-123
Calculate -106 - -138 - (65 - 9).
-24
Evaluate 59 + 0 + -1 + 34 + 78 + -126.
44
0 + 0 + 1 + 21 + -10 + 18 + -5
25
What is the value of 53 + (-23 + 12 - (0 + 0)) - 4?
38
What is 7 - ((5 + 2 - 1) + -152 + 152 - -2)?
-1
What is 2 + -16 - -5 - 18 - (17 - 25)?
-19
(29 + -16 - 5) + -104 + 153
57
What is the value of (81 - (22 - -53) - (0 + 3)) + (-1 - 14)?
-12
(76 - (-31 - (-10 + -11))) + (0 - 8)
78
What is 2930 - 2805 - (132 + -1)?
-6
16 - (679 + -541 + (20 - 0))
-142
Calculate 103 + -124 + 120 + -16.
83
What is -7 + -1 + 3 + (-1 - (-8 + 15 + 14))?
-27
Evaluate 1 - (-1 + 14) - (9 - (41 + -36) - -28).
-44
Calculate -53 + -1 + 21 + 23.
-10
What is (-126 - 86 - -232) + (-109 - -1)?
-88
What is the value of (-47 - -29) + (13 - (-21 - -23))?
-7
Evaluate 17 + -37 + 3 - -19 - (-1 - 0).
3
What is the value of 75 + 1 + 2 + (0 - 3) - (35967 - 35957)?
65
Evaluate -47 - -10 - (12 - 3 - 8).
-38
What is -11 - ((-4 + 1 - 3) + (-10 - (11 + -9)))?
7
Evaluate (88 - 116) + 11 + -2 - -101.
82
-73 - (-75 + (-51 - -49))
4
(1856 - 1854) + 32 + 1 + (-2 - -3) - 5
31
What is the value of 125 + -131 + (-1 - 19) - (1 - (0 + -1))?
-28
Evaluate 20 + 34 + -27 - ((8 - 5) + -16).
40
Evaluate -7 + -1 + -1 + 987 + -960.
18
Calculate 10 + 7 - (-10 - (-3 - 7)).
17
Evaluate -7 + (-2 - -4 - 0) - (864 - 844).
-25
Calculate 3 + (-13 - -40) - (-11 + 19).
22
Evaluate (-11 + (2 - 11) - -41) + (13 - -1).
35
Calculate (-2 + (-3 - -1) - 82) + (-128 + 232 - 101).
-83
What is the value of 10 + -10 + (21 - (-5 + 7)) - (-8 - -6)?
21
What is the value of -1 - -2 - (52 + (-9 - (-4 + 3) - 1))?
-42
What is the value of -3 + 1 + -16 + 35 + (-3 + -4 - 36)?
-26
-11 + 7 + 3 + -21 + -30 + 11
-41
Calculate 1 + 38 + 5 + (1 - -4) + -10.
39
14 - 39 - (249 - 143)
-131
What is (10 - 24) + 5 - (-2 - 13)?
6
Evaluate (-9 - (21 - 33 - -17)) + -13.
-27
29 - (32 + (124 - 35) + -14)
-78
What is the value of 24 + (-9 - (2 + 0 - (-160 - -160)))?
13
42 + 1 + (-2 - (-3 + 7)) + -8
29
Calculate (-66 + 86 - -27) + 3.
50
Calculate (-9 - -6) + 4 + -8 + -2 + 1 + -1.
-9
Evaluate (-39 - -121) + -104 - 18.
-40
What is the value of -72 + (-52 + 39 + 12 - (1 - -12))?
-86
-94 - (0 - ((51 - 27) + -23))
-93
Evaluate 103 + -50 - 42 - (-9 - -3).
17
Calculate (-10 - (-5 - 7)) + 2 + (23 - 41).
-14
What is the value of (-5 - (-85 + 4)) + 8 + 8 + 4?
96
Evaluate 41 + (-7 - -48 - 92).
-10
What is 0 + 25 - ((15 - (-27 - -53)) + 5)?
31
Calculate 93 - (-58 - (-106 - 75)).
-30
Evaluate 52 + 13 + (-96 - 2).
-33
What is 6339 - 6311 - (0 - 21)?
49
Evaluate -3 + -3 + (-90 - (-203 + 100)).
7
What is -69 + (42 - -22) + -10 + (2 - -4 - 4)?
-13
What is the value of 7 + -10 + (-9 - (9 - (5 + 5)))?
-11
What is -51 - (4 + (-10 - -3 - 16))?
-32
Calculate 31 - (47 + -38 - -46).
-24
What is (-893 - -870) + (104 - -5)?
86
Evaluate 75 + (7093 - 7097 - ((-1 - 10) + 0 + 0)).
82
Calculate (3 + 4 - -184) + -182 + 133.
142
What is -25 - (4 + -17 + -3 + 3) - -8?
-4
Calculate 6 + (13 - 0 - (-1 - -11) - 26).
-17
What is the value of 4 + (-11 - (-16 - -12) - -10) - -38?
45
-3 - (-6 + 9 + -12 - 4)
10
Calculate (13 - 18) + -1 + 6 + -8 + 3.
-5
Evaluate (5 - -2) + (12 + -3 + 0 - -2) - -8.
26
What is the value of -8 - (4 - (-2 + 11 + -3)) - (-147 + 143)?
-2
What is (0 - -22) + 1 + -2 + 26 + 15 + -49?
13
-17 - (-50 - -7) - 41
-15
Evaluate 81 + -2 + (10 - -7 - (32 - (-8 - -14))).
70
Evaluate (-2 - -12 - -17) + 134 + -115.
46
What is the value of -2 + 39 - ((67 - 175) + 89)?
56
Evaluate (0 + -14 - (-36 + 45)) + 31 + 2.
10
Evaluate 9 + 50 + 1 + (7 - 6 - 4).
57
What is -11 + (1 + (-5 - 14) - 8)?
-37
Evaluate 31 + -4 + (-16 - 6) + 120.
125
14 + -79 + -1 - (-18 + 2 - (-33 + 25))
-58
Calculate -13 - (-1 + (-20 - (-20 - (-10 + -6)))).
4
What is -12 + (24 - (7 + (7 - (-15 + 29))))?
12
What is 28 + (-96 - -30) + (-21 - -16)?
-43
What is the value of (-1 + 1 - ((15 - -8) + -44)) + -10 - 5?
6
Calculate -26 - -1 - (58 - (-89 + 115)).
-57
Calculate 4 - (-11 + -5 - 7 - -46).
-19
Calculate 11 - (-75 + 72 + -5 + -4).
23
Calculate -30 - ((49 - 41) + -4).
-34
Evaluate -29 + 13 + 138 + (-12 - (-14 - 2)).
126
What is the value of -32 - (26 + 4 - 59) - (-1 + 45)?
-47
What is the value of -105 + 59 + (2 - 1) - (23 + -21)?
-47
46 + (-94 - 33) + 71
-10
Calculate -77 + -62 + 219 + -33.
47
(30 + -39 - (-1 - (-3 - 4))) + 104
89
Evaluate 4 + -21 - (79 + -86 - (-3 - 0)).
-13
Calculate (-6 - 1) + 16 + -20 + -1 + -3.
-15
Evaluate 16 + -12 + -11 - (-3 - -6 - (-1 - 18)).
-29
11 - (-38 + 3 - -26) - -44
64
-3 - (-15 + 10 + -2 + -5 - -73)
-64
-3 + 1 + 1 + 9 + (-54 - -28 - -14)
-4
5 - (24 + -31) - (55 + -5 + 0)
-38
What is -25 + 6 + 43 + 13 + -6?
31
What is the value of 9 + -1 + -1 + 53 - 7 - -3?
56
What is (-14 - (22 + -11 - 19) - 5) + 9 + 4?
2
What is 9 - -7 - (32 - 13) - 10 - -17?
4
What is (-2 - (-73 + 72 - (10 + -1))) + (76 - 23)?
61
353 + -384 - (20 + -12 + 9)
-48
72 + (75 - (128 + -63))
82
What is (-5 - -5) + (-10 + 0 - (-1 - 15)) + -4?
2
What is (68 - 36) + (0 - -1 - (11 - 19))?
41
What is the value of 11 + 18 + -20 - (2 + (6 - 5) - 15)?
21
Evaluate (-41 - -20) + (2 - (13 + -5)).
-27
What is the value of 5 - (-26 + -59) - 61?
29
What is the value of -4 - (3 - 5 - (9 - -55)) - 12?
50
What is (-274 - -277) + (7 - 3 - 92 - (-1 - -1))?
-85
What is (37 + 21 - 37) + (3 - 20)?
4
What is the value of -37 + (9 - -31 - 40)?
-37
Evaluate 3 - ((-204 - -200 - (3 + (-1 - 0))) + -66).
75
What is the value of (32 - 21 - -11) + -37?
-15
What is 44 + 7 + 1 + (-2 - 1 - -5)?
54
Evaluate -47 + 57 + (1 - (3 + 2)) + 10.
16
30 - ((-4 - 40) + 18)
56
Evaluate -33 + -24 + 135 + -28.
50
8 + -9 + (0 - -5) - (52 - 51)
3
-51 + (150 - 93) + (-5 - -5 - -2 - -127)
135
Evaluate -6 - (8 - 13) - (13 - 7 - -55).
-62
What is the value of (0 - 80) + 2 + (2 - (16 - 16) - 0)?
-76
Calculate (34 - 49) + 16 - 5.
-4
Calculate (65 + -29 - (-42 + 75)) + 0 + 10.
13
Evaluate (32 - 32) + -178 - -32